 + (4 - -31))/b?
5, 7
Let y(d) = -d**3 - d - 1. Let l(q) = -9*q**3 - 3*q**2 + 18*q - 15. Let w(s) = -l(s) + 2*y(s). List the prime factors of w(5).
863
List the prime factors of 23/((-1449)/410022)*(168/18)/(-2).
2, 3, 2531
Let p(j) = 2*j**2 - 16*j - 35. Let r be p(10). Suppose 0 = 4*i - 2*g + g - 2184, i - 525 = -r*g. List the prime factors of i.
5, 109
Let x be (-3 - (7 + -9))*(0 + 32). Let a = x - -36. Suppose -a*y - 72 = -8*y. List the prime factors of y.
2, 3
Let o be (-2)/(-3)*3 + -2. Let d = -252 - -257. Suppose d*x - m = 592, o = -0*m - 3*m - 6. List the prime factors of x.
2, 59
Let t be (-1524 - -2)*1/2. Let r = -431 - t. List the prime factors of r.
2, 3, 5, 11
Let f(n) = -8*n**3 - 120*n**2 + 33*n - 7. List the prime factors of f(-19).
2, 53, 103
List the prime factors of (-2 + (-2795 - 6))*(10 - 14).
2, 2803
Let g(h) = 5*h + 53. Let n be g(-10). Let i = n + 251. What are the prime factors of i?
2, 127
Let n = 15 - 5. Suppose -5*g + 5*f = -n - 145, -5*g - 4*f = -119. Let v = 87 + g. List the prime factors of v.
2, 3, 19
Let k be 1*4*(-2955)/(-60). Let c(f) = -f**2 + 9*f. Let z be c(16). Let s = z + k. List the prime factors of s.
5, 17
Let h(b) = 5*b - 6. Let k be h(2). Suppose 2*z + 3255 = 9*z. Suppose -3*g - k*u + 81 = -2*g, -z = -5*g - 5*u. What are the prime factors of g?
97
Let w = -5719 - -10030. List the prime factors of w.
3, 479
Let z be (21096/16)/((-2)/(-4)). Suppose -3*l - 513 + z = 0. Suppose -14*c + l = -8*c. What are the prime factors of c?
2, 59
Let x(f) = f**3 + 21*f**2 - 18*f + 93. Let b be x(-22). Suppose 2457 = 3*g - b*y + 725, -1712 = -3*g - 5*y. What are the prime factors of g?
2, 7, 41
Suppose -139*d - 107*d + 1573908 = 0. What are the prime factors of d?
2, 7, 457
Let g = 26506 - -2501. What are the prime factors of g?
3, 11, 293
Suppose -284*u + 5569 = -283*u. What are the prime factors of u?
5569
List the prime factors of ((-40)/12 - 2) + 4 - 699384/(-36).
2, 11, 883
Let x(c) = -7*c**3 - 16*c**2 + 142*c - 133. List the prime factors of x(-13).
2, 7, 191
Let u(f) be the third derivative of 0 - 5/8*f**4 + 1/120*f**6 + 0*f + 1/6*f**3 + 11/60*f**5 - 13*f**2. List the prime factors of u(-12).
37
List the prime factors of (-8)/(-32)*-28 - -7734.
7727
Let t(z) = 1062*z**3 - 3*z**2 + 21*z - 69. List the prime factors of t(3).
3, 9547
Suppose -153*r + 191*r + 196*r = 3214458. List the prime factors of r.
3, 19, 241
Let a(x) = -176*x - 297. List the prime factors of a(-18).
3, 11, 29
Let z = 13051 - 6722. List the prime factors of z.
6329
Suppose 5*d = 4*s + 27, -3*s - 2*d - 1 = 2. What are the prime factors of 7 + 476 + 7 + s?
487
Let m(f) = 390*f**2 - 59*f + 85. What are the prime factors of m(-10)?
3, 5, 23
Let m(v) = v**3 + v**2 + 32*v - 780. What are the prime factors of m(22)?
2, 691
Suppose 0 = 4*p - y - 8, 2*p + 0*y - 3*y + 6 = 0. Suppose -3*m + 0*l - p*l + 4275 = 0, m + 3*l - 1431 = 0. List the prime factors of m.
2, 3, 79
Suppose -375885 = -268*m + 223*m. What are the prime factors of m?
8353
Let j be (-4 + 0 + 0)*2725/100. List the prime factors of (-8)/8 - (j + 2 + -3).
109
Let f(p) = 397*p**3 - 3*p**2 - 18*p + 44. What are the prime factors of f(3)?
2, 7, 109
Suppose 2*m = -3*m + 3*a + 73, -4*m - 4*a = -84. Suppose m*p - 5*p = 1596. What are the prime factors of p?
7, 19
Let w = 2634 + -295. What are the prime factors of w?
2339
Let c = 4 - -3. Let h(k) = -153*k**3 + 6*k**2 - 3*k + 24. Let b(x) = 131*x**3 - 5*x**2 + 5*x - 24. Let n(l) = -7*b(l) - 6*h(l). List the prime factors of n(c).
199
Let q(y) = 14*y**2 - 74*y - 7. Let j = 136 + -129. List the prime factors of q(j).
7, 23
Suppose -2*y = y - 87. Let d be 4/(-10) - 272/(-80). Suppose y + 46 = d*g. List the prime factors of g.
5
Let c(q) = 73*q**2 + 5*q - 5. Let m be c(4). Let g = m - 778. What are the prime factors of g?
3, 5
Suppose -x = 5*n + 4, -3*n - x + 1 - 3 = 0. Let r be 0 - (-59 - n - -2). Suppose 0 = z + m - r, -z + 42 = -4*m - 14. What are the prime factors of z?
2, 7
Suppose -2*i + 5*p = 28, -7 = 3*i + 2*p - 3. Let l(b) = -2*b**3 - 4*b**2 + 8*b + 3. Let x be l(i). What are the prime factors of (105/(-28))/(1 + x/(-32))?
2, 5
Let c = 269 + -276. Let s(o) = 26*o**2 + 3*o - 77. What are the prime factors of s(c)?
2, 3, 7
Suppose -2*s = -2*g - 210, -3*s - g - 29 = -332. List the prime factors of 28/(-4 + 420/s).
2, 7, 17
Let y be 2/(-3)*126/12*-13. Let i be (-4356)/14 + -2 - (-13)/y. Let s = i - -453. What are the prime factors of s?
2, 5, 7
Let l = 4632 + -7056. Let x be l/(-8) + (-1 - 0). Suppose 0 = 5*t - 7*t + x. What are the prime factors of t?
151
Let t(n) = 4*n**2 - 4. Let x be t(-3). Suppose -3*b - x = -11*b. Suppose b*j - 217 = 3*j. List the prime factors of j.
7, 31
List the prime factors of (5 - (-2 + 127752/(-18))) + (-8)/24.
2, 3, 37
Let a = 28501 + 13702. List the prime factors of a.
7, 6029
Suppose -18 = -2*g - 20. Let k be 270/72 + 0 + g/(-4). Suppose 5*w - 3*i - 285 = 64, k*w - 282 = i. List the prime factors of w.
71
Let r = 22767 - 6394. List the prime factors of r.
7, 2339
Suppose 37*i + 60 = 49*i. Suppose -s + i*l = -477 + 159, 4*l = s - 321. List the prime factors of s.
3, 37
Let i = -80 + 85. Suppose 900 + 276 = 8*a. Suppose -i*m + 4*m = -a. List the prime factors of m.
3, 7
Let d = 119 + -114. Suppose z + 1647 = d*q, 4*q + 137 - 1442 = 5*z. What are the prime factors of q?
2, 3, 5, 11
Suppose 0 = -107*n + 28*n + 316. Let t be 1 + -4 + 1 + 0. List the prime factors of (1/1)/(t/(-210 - n)).
107
Let t(g) = 53*g**2 - 743*g + 24. List the prime factors of t(-13).
2, 5, 233
Suppose 31*x - 28*x = -4*w - 3582, -4*x = -4*w + 4748. Let h = -508 - x. List the prime factors of h.
2, 11, 31
Let q be (123/15 + -1)*5. Let l be (-4)/80*-5 + 1/(-4). Suppose l = 4*s + 2*u - q - 418, -5 = u. What are the prime factors of s?
2, 29
Let f be ((-19)/3)/(16/(-21888)). Suppose -4*o + 12*o - f = 0. List the prime factors of o.
3, 19
List the prime factors of (60/2)/(36/3684).
2, 5, 307
Suppose 12436 = -9*l - 11342. List the prime factors of 6/(-9)*-1 - l/6.
3, 7
Let c(b) = -11*b - 52. Let s be c(-5). Suppose -3*h + 424 = -2*a - 490, -s*h - 4*a = -926. List the prime factors of h.
2, 3, 17
Suppose 0 = -5*w + w - 2*u + 3592, 4*w = -5*u + 3580. Suppose 22*g - w = 7*g. List the prime factors of g.
2, 3, 5
Let q be ((-54)/(-36))/((-3)/(-68)). Suppose -38*z + q*z - 40 = 0. List the prime factors of (-8)/(-12)*-45*z/4.
3, 5
Suppose 53*a = -2*n + 48*a + 697, 3*a - 2007 = -6*n. List the prime factors of n.
331
Let k = -511 + 510. Let n(d) = -1411*d**3 - 3*d**2 - 2*d + 1. What are the prime factors of n(k)?
17, 83
Let x = 18 - 18. Let u = -59 - -235. Suppose x*t - 4*t = -u. List the prime factors of t.
2, 11
Suppose 174726 = 11*s + 8637. List the prime factors of s.
3, 7, 719
Let l(w) = 69*w**3 + 146*w**2 - 1477*w + 6. What are the prime factors of l(9)?
2, 3, 5, 11, 37
Let a = -351 + 361. Suppose a*b - 6*b - 2*g - 2590 = 0, -2593 = -4*b + 5*g. What are the prime factors of b?
647
Let g(v) = v**3 + 11*v**2 - 4*v + 10. Let n be 6/(18/15)*1. Let a be ((-20)/n)/((-4)/(-10)). What are the prime factors of g(a)?
2, 3, 5
Suppose 10*f - 5876 - 5154 = 0. Let n = 1598 - f. Suppose -5*j = 5*z - n, -17 + 502 = 5*j + 3*z. List the prime factors of j.
2, 47
Let j = -448 + 453. Suppose j*h - 2655 = 125. List the prime factors of h.
2, 139
Let l = 543 - 548. List the prime factors of l/(-3 + -2)*1036.
2, 7, 37
Let g(r) be the third derivative of -13*r**4/24 + 49*r**3/3 - 33*r**2. What are the prime factors of g(-8)?
2, 101
Let d(v) = -3*v**2 - 86*v + 35. Let g be d(-29). Let u = 463 + -67. Suppose u + 228 = g*o. What are the prime factors of o?
2, 13
Suppose -604*u = -544*u - 647580. What are the prime factors of u?
43, 251
Let f(z) = 579*z**2 + 95*z + 124. List the prime factors of f(6).
2, 11, 89
Suppose 0 = 22*d - 53663 - 85549 - 231708. What are the prime factors of d?
2, 3, 5, 281
Let m(y) = -y + 192. Let z(s) = s - 385. Let b(t) = 7*m(t) + 3*z(t). Let c(v) = -v**2 - 41*v - 40. Let p be c(-40). What are the prime factors of b(p)?
3, 7
Suppose -149040 = -5*w + 5*u, 2*w + 39*u = 36*u + 59626. List the prime factors of w.
2, 5, 11, 271
Let d = -24 + 22. List the prime factors of 307 + -2 - 0/(2/d).
5, 61
Let h be -9 + ((-25)/10 + 3)*0. List the prime factors of (6